 2*a - 6, -c = a + 3. Let n(v) = 5*v**3 - 4*v**2 + v + 3. Let i be n(3). Suppose -p - 2*p + i = c. What is the tens digit of p?
3
Let r be (-72)/54*(-2 + (-15)/(-12)). What is the hundreds digit of (-24041)/(-145) + r/5?
1
Suppose 308 = 4*z - 2*t - 1348, -4*z - 5*t + 1656 = 0. Suppose -6*i + 0*i = -z. What is the tens digit of i?
6
Let m be (2 - 2 - -9) + -1. Suppose -m*q = -4*q - 844. What is the tens digit of q?
1
Let p(l) = 33*l**2 - 3*l + 6. Let m(y) = -33*y**2 + 2*y - 5. Let a(n) = 5*m(n) + 4*p(n). Let u be a(-1). Let k = u - -45. What is the tens digit of k?
1
What is the tens digit of 664 - (3 + 2) - (3 - 2)?
5
Suppose -1 = -b + v, -2*v - 5 = 4*b - 3. Suppose b = -16*i + 17*i - 110. What is the units digit of i?
0
Let d(m) = -38*m - 3. Let l(v) = -75*v - 7. Let k(i) = -9*d(i) + 4*l(i). What is the units digit of k(2)?
3
What is the tens digit of 30073/68 - (-5)/(-4)?
4
Suppose -o - 4*o = 2*h - 427, -397 = -2*h + o. Suppose -a + 2*t = -52, -3*t + h = 3*a - 0*t. What is the units digit of a?
2
Let f be 11/77 - (-312)/21. Suppose f*u + 16 = 19*u. What is the units digit of u?
4
Let d(f) = f**3 - 5*f**2 - 1. Let k be d(5). Let l(r) = -10*r. Let y be l(k). Let w = y - -8. What is the units digit of w?
8
Suppose c - 3*a + 6*a + 4 = 0, -5*a = 3*c + 4. Suppose -c*n = v - 4 - 13, 4*v - 93 = -3*n. What is the tens digit of v?
2
Suppose 21 = 4*r - 31. Suppose 2*c = 3 - r. Let x = c + 27. What is the units digit of x?
2
Let s = -91 - -107. What is the units digit of (-42)/3*-1 - s/(-8)?
6
Let a = -3 - -9. Suppose 0 = 6*n - 9*n + a. What is the units digit of (-7)/(42/(-81))*n?
7
Let u be 5/(5/6)*(-1)/2. Let i(v) = -63*v + 1. What is the tens digit of i(u)?
9
Let o(d) = d + 5. Let f(g) = -4*g - 10. Let i(v) = v. Let s(c) = f(c) + 2*i(c). Let b(p) = -9*o(p) - 4*s(p). What is the units digit of b(-6)?
1
Let u = -3217 + 5016. What is the thousands digit of u?
1
Suppose -3*y + z + 2476 = 0, 7*y + 2742 = -3*z + 8498. What is the units digit of y?
4
Suppose 16*c - 11*c = -20, 4*c = -4*o + 32. What is the tens digit of o?
1
Suppose -k + 868 = 4*m, 0 = 3*k + 16*m - 11*m - 2590. What is the tens digit of k?
6
Suppose -2*f + 60755 = 27*f. What is the thousands digit of f?
2
What is the hundreds digit of (75/20)/(9/1368)?
5
Let r(l) = 3*l**2 + 72*l + 58. Let d be r(-25). Let n(z) = 40*z. Let w be n(-2). Let k = w + d. What is the tens digit of k?
5
Let c = -344 - -2216. What is the thousands digit of c?
1
Let c(l) = -l**2 + l - 1. Let f be c(3). Let i(x) = -x + 17. Let a be i(6). Let k = a - f. What is the tens digit of k?
1
Let p be (-1108)/(-7) - -3*(-4)/42. Suppose -x = -6*x - y + 832, 4*y + p = x. What is the tens digit of x?
6
Suppose 7 = 5*c - 3*d - 142, 0 = -3*c + 5*d + 99. Suppose -5*y + 12 = 3*j - 76, -j + c = y. What is the tens digit of j?
2
Suppose j + 82 + 10 = -4*g, -90 = 5*g - 5*j. Let q = 36 + g. What is the tens digit of q?
1
Suppose 0 = b + 4*d - 77, 2*d + 3*d - 151 = -2*b. Suppose 3*s - 2*s = b. What is the tens digit of s?
7
Let j be 1*11/2 + 15/(-30). Suppose -278 = 2*g - 5*g - j*y, 5*y = -5*g + 470. What is the units digit of g?
6
Let z = 253 + 101. What is the units digit of z?
4
Let y(b) = -6*b + 10. Let k = -18 - -13. Let w be y(k). Suppose 5*g = 5 + w. What is the units digit of g?
9
Suppose 103 = h - 177. What is the units digit of h?
0
Let a(j) = -3*j**3 - 64*j**2 + 2*j + 163. What is the hundreds digit of a(-22)?
0
Suppose -275 = 5*d + 4*x + 116, -3*d = -5*x + 205. Let z = 54 + d. Let r = -1 - z. What is the units digit of r?
0
Suppose 0 = g - 189 - 129. Let w = 474 - g. What is the tens digit of w?
5
Suppose -2*v - 383 = -85. Let o = -87 - v. What is the tens digit of o?
6
Let b = -36 - -35. Let u be (136/(-8))/(1/3). Let n = b - u. What is the tens digit of n?
5
What is the units digit of 51894/(-36)*12/(-9) + -5?
7
Let h be 3/3 + -7 + 9. Suppose -3*u = h*w - 279, -3*w + u + 367 = w. What is the units digit of w?
2
Suppose 0 = 7*i - 11*i + 1144. Suppose -i = -3*q - 82. What is the units digit of q?
8
Suppose 16*k - 540 = 84. What is the units digit of k?
9
What is the units digit of ((-32)/(-6))/(1*6/504)?
8
Suppose -12*b + 16*b - 2208 = 0. Suppose -3*p - b = -11*p. What is the tens digit of p?
6
Let v(x) = -2*x + 6. Let n be v(0). What is the units digit of (4/n)/((-6)/(-666))?
4
Let b = 2346 + -1346. What is the units digit of b?
0
What is the units digit of (-6)/(-4) + (-8 - 3703/(-2))?
5
What is the hundreds digit of 5418/15 + (-9)/(-5) + -2?
3
Let r(w) = w**3 - 4*w**2 - 10*w - 8. What is the hundreds digit of r(9)?
3
Suppose 4*j + k - 5*k - 6244 = 0, -2*j + 3118 = 2*k. What is the units digit of j/(-36)*24/(-5)?
8
Suppose -r - 4208 - 2669 = -5*h, 5*h + 4*r = 6892. What is the tens digit of h?
7
Suppose -w - 2*r + 3 = 0, -5*r + 10 = -2*w - 20. What is the tens digit of (-1)/((10/42)/w)?
2
Suppose b = -2*w - 3*b + 190, -5*b + 25 = 0. Suppose 0 = -z - 41 + w. What is the tens digit of z?
4
Let r(v) = v**2 + v + 8. Let k = -48 + 37. What is the units digit of r(k)?
8
Let n = 3022 - 2150. What is the tens digit of n?
7
Let f = -84 - -392. What is the units digit of f?
8
Let h = -51 - -85. What is the tens digit of (2/(-4))/((h/156)/(-17))?
3
Suppose s - 18 = 4*d, 7*d - 2*d + 9 = -s. What is the hundreds digit of 9/s - ((-219)/2 - 3)?
1
Let i(d) = d**3 - 3*d**2 - 192*d. What is the tens digit of i(16)?
5
Suppose -33*u + 30*u - 5*q = -13931, -5*q - 18633 = -4*u. What is the tens digit of u?
5
Let v(n) = 2*n + 2. Let t be v(0). Suppose -3*m - 6 = -t*d, -2*m + 6 = 3*d - 3. Suppose m = 6*h - h - 65. What is the units digit of h?
3
Suppose -2*p + 3*p = 4. Suppose 0 = p*q + a - 29, 5*q + a - 45 = -8. Suppose -q*y = -4*y - 92. What is the units digit of y?
3
Let o(s) = 3*s**2 - 4*s - 356. What is the units digit of o(20)?
4
Suppose 0*p + 4*u = -4*p + 72, -2*p + 5*u = -22. Suppose l + l = p. Let o(c) = -c**3 + 7*c**2 + 7*c + 9. What is the units digit of o(l)?
1
Let z(g) = -122*g - 10. What is the units digit of z(-3)?
6
Let w(j) be the third derivative of -j**5/120 - 5*j**4/24 + j**3/6 + 5*j**2. Let d(g) be the first derivative of w(g). What is the units digit of d(-12)?
7
Let o(c) = 3*c**2 - 32*c - 40. What is the hundreds digit of o(15)?
1
Let v be (-170)/(-65)*3 + 6/39. Suppose -v*a + 246 = -466. What is the units digit of a?
9
Let a(u) = 184*u - 307. What is the units digit of a(10)?
3
Suppose -3*a + 2*a + r = -742, -r = -4. What is the hundreds digit of a?
7
Let l(n) = 6*n**2 - n - 2. Let i(w) = w**3 + 3*w**2 + 2*w + 2. Let h be i(-3). Let p be l(h). Suppose 38 - p = -4*b. What is the units digit of b?
5
Let z = 43 + -38. Suppose z = v - 28. What is the units digit of v?
3
What is the tens digit of -2*(11/55)/((-2)/195)?
3
What is the units digit of 4/(2 - -1 - 2023/697)?
1
Let v be (1 + -2)/((-7)/(-105)). What is the units digit of 3/v - (-1488)/40?
7
Let m be (-24)/(-40) + 53/(-5). Let h = m - -28. What is the tens digit of h?
1
Let s(f) = 2*f**3 - 13*f**2 + f. Let i be s(7). Suppose -i + 6 = -2*p. What is the tens digit of p?
2
Let y(w) = -2*w**3 - 11*w**2 - 8*w + 4. What is the units digit of y(-7)?
7
Suppose -19*s + 48 = -7*s. Suppose z - 3*z + 20 = 4*g, g - 7 = -z. Let r = s - g. What is the units digit of r?
1
Suppose 0 = 2*f - 5*l - 1141, -3*f + 0*l + 4*l = -1722. What is the tens digit of f?
7
Suppose -87 = -3*v + c - 13, -2*v + 2*c + 52 = 0. Suppose -5*h = -i + v, 3*i + h = 2*h + 128. What is the tens digit of i?
4
Suppose 5*s - 2*b - 4654 = 0, -3*s + 5*b + 809 + 1991 = 0. What is the tens digit of s?
3
What is the units digit of -14*34*(-11)/4?
9
Let q(i) = 5 + 85*i + 4*i**2 - 4 - 84*i + 3. What is the tens digit of q(-4)?
6
Let q(c) = -c**3 + 10*c**2 + 13*c - 16. Let n be q(11). Let j(r) = 30*r + 47. What is the units digit of j(n)?
7
Let n = 6 - -39. Suppose 4*m + 117 = n. What is the units digit of m/(-12)*(1 + 1)?
3
Let y = 17 - 11. Let h(u) = u - 9 + 2 - 1 + y*u. What is the tens digit of h(6)?
3
Let g be 5 + 7/((-21)/9). Let k be (-8 + 4)/((-3)/3). Suppose t - 3*c = c - 16, 12 = -g*t + k*c. What is the units digit of t?
4
Let a(m) = -m**2 - 10*m - 2. Let f be a(-12). Let c = f - -27. What is the units digit of c?
1
Let i(h) = 3*h**3 - 98*h**2 + 28*h + 77. What is the units digit of i(33)?
0
Suppose -4*p + 637 =